0/((-1445)/(-180) + -8)?
8
Let n be -1*(-2 + 1 - -8). What is the tens digit of 2/n - 741/(-21)?
3
Suppose 8*x = 3*k - 7748, -4*x - 222 - 10142 = -4*k. What is the units digit of k?
6
Suppose 11*s - 6*s + 100 = 0. Let p = -14 - s. Let o(b) = -b**2 + 15*b - 9. What is the tens digit of o(p)?
4
Suppose 3*x + 1247 = h, -2754 + 257 = -2*h + 3*x. What is the units digit of h?
0
Let v be 1*2 - (-4 - -16). Let o(s) = -11*s - 9. Let k be o(-1). Let l = k - v. What is the tens digit of l?
1
Let j(i) = i. Let m be j(4). What is the tens digit of ((-58)/m)/((-3)/12)?
5
Let a(f) = f**2 + 16*f + 2. Let r be a(-16). Suppose -r*i = -14 - 30. Let c = i - -10. What is the tens digit of c?
3
Suppose 10 + 459 = 2*z + 3*p, -983 = -4*z + 3*p. Suppose 214 = 3*c + 2*r, -3*c + z = -8*r + 3*r. What is the tens digit of c?
7
Suppose 39*j - 13*j = 9308. What is the hundreds digit of j?
3
Let k(o) = 2*o**2 - 11*o - 5. Let b be k(7). Let p = b - 14. Suppose j - 14 = -3*h, 5*j - 48 + 12 = p*h. What is the units digit of j?
8
Let n(j) = -j**2 + 9*j - 11. Let r be n(6). Let v = 30 - r. Let m = 44 - v. What is the units digit of m?
1
Let p(a) = a - 8*a - 3 + 2. Let z(m) = -m**3 + 5*m**2 + 4*m + 7. Let k be z(6). What is the tens digit of p(k)?
3
Let p(t) = -t**3 + 9*t**2 - 9*t + 9. Let x be (-20)/15*(0 - 6). What is the units digit of p(x)?
1
Suppose -4*c + 33 + 7 = 0. Suppose -b - c = 4*b. What is the units digit of (25*-2)/(1*b)?
5
Suppose -9*q + 5716 = 973. What is the tens digit of q?
2
Let c be ((-10)/6)/((-16)/48). Suppose -2*b = -2*q - 3 - c, 3*b = q. Let j = 33 - q. What is the tens digit of j?
3
Suppose 4*j - 2*j = -5*c + 109, c = j - 51. Let x = j + -85. Let g = x - -57. What is the units digit of g?
4
Let x(y) = y**2 + 6*y + 5. Let g be x(-5). Let b(c) = c**3 - c**2 - 57. Let a be b(g). Let o = -32 - a. What is the tens digit of o?
2
Let a = 192 + -34. What is the units digit of (-7)/(14/(-6)) + a?
1
Suppose 2*k - 7*k + 15 = 0. Suppose -5*w + k*b + 516 = 0, -4*w - 4*b + 196 = -2*w. Suppose 0 = 13*s - 11*s - w. What is the units digit of s?
1
Suppose k = -3*k - 5*u - 108, -3*k - 86 = 5*u. Suppose 0 = -4*q - h - 51, 22 - 1 = -2*q + h. Let w = q - k. What is the tens digit of w?
1
What is the units digit of 181/(-10)*2*-5?
1
Let m = 6519 + -3447. What is the units digit of m?
2
Let a(l) = -1. Let w(o) = o**2 + 2*o + 3. Let t(u) = 2*a(u) + w(u). Let g be t(-3). Suppose 0*j - g*j = -152. What is the units digit of j?
8
Let k be (-2)/10 - 36/(-30). Let x = 1 - k. Suppose -5*y + 3*f + 144 = x, 3*y - 4*f = 35 + 58. What is the units digit of y?
7
Let u(d) = -12*d - 15. Suppose -h = 3*m + 14, -m - 7*h + 10 = -3*h. What is the units digit of u(m)?
7
Suppose 4*t - 23 = z - 6*z, 4*t + z - 43 = 0. Suppose 4 = 4*n - t. What is the units digit of n?
4
Let k be (-1 - 221)/(-1 + -1). Let b be (-40)/50 - k/5. Let c = b - -26. What is the units digit of c?
3
Let a(s) = -17*s**2 + s - 1. Let q be a(1). Let b = q + 24. What is the units digit of b?
7
Let q be 550/(-4)*20/(-25). Let x = 155 - q. What is the tens digit of x?
4
Let b(x) = -4*x + 6*x + 3 - 4*x + 4*x. Let m(y) = y - 1. Let j(u) = -b(u) + 6*m(u). What is the tens digit of j(17)?
5
Let u(s) = s + 15. Let f(d) = -10*d**3 - d + 1. Let p be f(1). Let h be u(p). Suppose -5*x + 5*w = -49 + 19, h*w + 10 = 0. What is the units digit of x?
4
Suppose -5*s - 20 = 0, 0 = -2*c + 7*s - 6*s + 96. What is the tens digit of c?
4
Suppose 34 = 2*j - 5*i - 0*i, -16 = -2*j - 4*i. Let a be (-66)/5 - j/(-60). Let p = 32 + a. What is the units digit of p?
9
Let m = -15 - -23. Let z = m - -19. What is the units digit of z?
7
Let c(d) = 10 - 14*d + 16*d + d**2 - 10*d. Let s = 0 - -8. What is the units digit of c(s)?
0
Let y(m) = m**2 + 833. What is the hundreds digit of y(0)?
8
Suppose -27*g + 30*g = 486. What is the units digit of g?
2
Let v(r) = 4*r**3 + 15*r**2 - 37*r + 28. Let m(f) = f**3 + 4*f**2 - 9*f + 7. Let g(n) = 9*m(n) - 2*v(n). What is the units digit of g(-7)?
7
Let j(v) be the second derivative of 5*v**3/6 - 5*v**2/2 + 9*v. Let q be j(13). Let y = q + -25. What is the units digit of y?
5
Let r be 3*6/(-9)*(-35)/1. Let j = 81 - r. What is the tens digit of j?
1
Let l(p) = 6*p + 228. Let t be l(0). Suppose 0 = -4*n + 20, 604 = 4*y + 4*n + t. What is the tens digit of y?
8
Let i(x) = 14*x + 13. Let q(p) = p**3 - 2*p**2 - 2*p + 1. Let s be q(3). What is the tens digit of i(s)?
6
Let a = -578 + 2056. What is the thousands digit of a?
1
Let r(l) = 76*l**2 + l - 3. Let j(g) = -153*g**2 - 2*g + 7. Let z(o) = 2*j(o) + 5*r(o). Let u be z(1). Suppose u + 103 = 3*t. What is the tens digit of t?
5
Let v = -741 + 1056. What is the units digit of v?
5
Let i = -37 - -84. Let d = -7 + i. What is the tens digit of d?
4
Let i(u) = -3*u + 2*u - 4*u**3 - 12*u**3. Suppose 0*t - h - 4 = 4*t, -5*h + 2 = -2*t. What is the units digit of i(t)?
7
Suppose 187 = r - 220. What is the units digit of r?
7
Suppose 15*c = 14*c + 1807. What is the thousands digit of c?
1
Let n(g) = 33*g - 4*g**2 - 47*g + 0*g**2 + 15. Let f(a) = a**2 + 1. Let b(l) = 5*f(l) + n(l). What is the units digit of b(17)?
1
Suppose 4390 = -z + 11*z. What is the hundreds digit of z?
4
Let j(v) = -115*v**3 + 2*v**2 + 3*v + 2. Let n be j(-1). Suppose -5*p + 24 = -n. What is the tens digit of p?
2
Let w = 184 - 91. Let b = 174 - w. What is the tens digit of b?
8
Suppose 2*q - z - z - 8 = 0, 2 = -q - 2*z. Let m(t) = -4*t + t + q*t + 10*t. What is the tens digit of m(3)?
2
Let d = 3216 - 2070. What is the thousands digit of d?
1
Let k be (-6)/2 + (-4 - -15). Suppose k*c - 40 = 3*c. Suppose -3*l = d + 3 - c, l - 42 = -4*d. What is the tens digit of d?
1
Let m be (72/(-90))/(2/(-15)). Suppose -m*g = -5*g - 45. What is the units digit of g?
5
Let z be 3282/(-10) + 2/10. What is the tens digit of (4 + z)/(-4) + 1?
8
Suppose -5*q - 4*a = -3*a - 1, -q = 3*a + 11. Suppose b + 2*b = 48. Let u = b + q. What is the units digit of u?
7
Suppose 2*t - 3*t + 443 = -h, -4*t - 2*h + 1784 = 0. What is the hundreds digit of t?
4
Suppose -149 = -13*s + 2659. Let h = s + -114. What is the hundreds digit of h?
1
Let m be 267 + 1/3*(7 - 10). Suppose -158 = -2*x + 5*h, -3*x + h = 16 - m. What is the tens digit of x?
8
Let d be 2/(-3)*525/(-10). Suppose -q = -0*q - d. What is the tens digit of (36/21)/(2/q)?
3
Let w = 1231 + -742. What is the tens digit of w?
8
Let b be (-10)/(-35) + 943/7. Let u = b - 68. What is the units digit of u?
7
Suppose 15631 = 19*b + 10*b. What is the hundreds digit of b?
5
Let b = -681 - -1178. What is the hundreds digit of b?
4
Let u be 3/(-6 + 3) - (-116 + -1). Suppose 0 = 2*t - u - 160. What is the units digit of t?
8
Let v(t) = -2*t**3 + 4*t**2 - 5*t + 892. What is the hundreds digit of v(0)?
8
Let c(l) = -5*l + 33. Let i be c(5). Suppose 17 - 1 = i*z. What is the units digit of z?
2
Let h = -181 + 381. What is the units digit of h?
0
Let q(k) = -k**3 + k**2 - 2*k + 777. Let z be q(0). Suppose 3*p - 3*h + 3 = z, 0 = 3*p - h - 780. What is the units digit of p?
1
Let s be (-18)/(-117) - (-492)/13. Let m = s + 16. What is the tens digit of m?
5
Let c(m) = 5*m**2 - 6*m + 15. Suppose -2*r + 4*j - 37 = -r, -166 = 4*r + 2*j. Let g = -37 - r. What is the units digit of c(g)?
1
Suppose 0 = 237*t - 238*t + 1670. What is the thousands digit of t?
1
Let z(r) = 7*r**3 - 4*r**2 + 8*r - 10. What is the tens digit of z(4)?
0
Suppose 3*b = -0*b + 225. Let l = 135 - b. What is the tens digit of l?
6
Suppose -23*l + 24*l - 317 = 0. What is the tens digit of l?
1
Suppose -68 + 28 = -5*s. Let m be -54*2/s*2. What is the tens digit of 34 - (m/3)/(-3)?
3
What is the units digit of (-146)/(-219)*1*(-4251)/(-2)?
7
Let k be 3/9 + 5/(-9)*-3. What is the tens digit of 2/(k + 0) - 6*-5?
3
Let w = -130 - -128. What is the units digit of w/(-3)*(-2475)/(-6)?
5
Let c(o) = 17*o - 16. Let s be c(-7). Let k = 194 + s. What is the units digit of k?
9
Suppose 0*p + 4*r - 512 = -3*p, 0 = 4*p - 4*r - 692. What is the tens digit of p?
7
Let j(t) = -t + 23 - 4*t + 5*t**2 + t**2. What is the tens digit of j(4)?
9
What is the tens digit of ((-1644)/9)/(5/(-15)) + 1?
4
Let u be 1/(-3) + (195/(-9))/(-5). Suppose -3*j = -5*j - u*z + 76, -4*j = -5*z - 126. What is the units digit of j?
4
Let a be (-182)/(-6) - 2/(-3). Let p = a - 3. W